 digit of (105/12)/(b/(-8))?
3
What is the ten thousands digit of ((-120)/(-9))/8*(-8)/((-320)/777144)?
3
Suppose -11*f - 90*f = 54*f - 2198055. What is the hundreds digit of f?
1
Let h = -22 + 259. Let c = 6 - 0. Suppose c*d - 15 = h. What is the tens digit of d?
4
Suppose -2347836 = 257*t - 461*t. What is the ten thousands digit of t?
1
Let c = 1460 - 875. Suppose -4*d + c = -3119. What is the units digit of d?
6
Let d be 13/4 - (8 - 279/36). Suppose 507 + 577 = 4*k + 5*q, 271 = k - d*q. What is the tens digit of k?
7
Let s(r) = -2*r**2 - 155*r - 178. What is the thousands digit of s(-32)?
2
Suppose y = -3*y + 40. Suppose 8*d - y - 70 = 0. Suppose d*u - 11*u + 99 = 0. What is the units digit of u?
9
Suppose 4*h + g - 99956 = 0, 0 = 31*h - 30*h + g - 24995. What is the thousands digit of h?
4
What is the thousands digit of -5 + (-1 - -2) + 129935/13?
9
Let r = -425 - -1665. Suppose -23*x - r = -25*x. What is the units digit of x?
0
Let h(w) = 520*w**2 + 425*w + 5690. What is the ten thousands digit of h(-13)?
8
Let n(m) = m**3 + 9*m**2 + 7*m + 8. Let h be n(-8). What is the units digit of h/12*(-19416)/(-32)?
9
Let j(z) = 3*z**2 - 6*z - 3. Let n be j(3). Suppose -2*r = -g - 148, -2*r + g = -n*r + 284. What is the units digit of r?
2
Let w(t) = 2377*t - 4123. What is the tens digit of w(11)?
2
Let r = 141 - 72. Let t = -45 - -20. Let g = r + t. What is the units digit of g?
4
Let t be 20/(-4) - (2 + -1) - -8. Suppose -235 = -t*g - 43. What is the units digit of g?
6
Let m(t) = 3*t**3 - 68*t**2 - 198*t - 57. What is the thousands digit of m(28)?
6
Let v(n) = 4*n**3 - 3*n**2 - 4*n - 3. Let k be v(4). Suppose -k = -4*r + 387. What is the hundreds digit of r?
1
Let c be (2 - 6)/(4 + -2). Let x be (0/7)/((-2)/c*-2). Suppose s - 41 = -r, -4*r - 2*s = -x*s - 166. What is the units digit of r?
2
Let y = 12030 - -1317. What is the units digit of y?
7
Let t = -8 - -4. What is the tens digit of (t + -85)/((-6)/(-8) + -1)?
5
Suppose -3833 = -p + 4*u, 3*p + 3*u = 7930 + 3569. What is the units digit of p?
3
Let y(h) = 12*h**2 + 60*h - 57. What is the tens digit of y(5)?
4
Suppose 176*n - 1140 = 171*n. Let j = n - 210. What is the tens digit of j?
1
Suppose -3 + 2 = 2*w - d, w + 4*d + 5 = 0. Let i be 10 + 5 - (1 + w). Suppose i*a - 12*a - 6 = 0. What is the units digit of a?
2
Suppose 17168*t - 3161 = 17167*t. What is the tens digit of t?
6
Suppose -13*m + 7*m = 336. Let z = m + 48. What is the hundreds digit of 48*z/(-3) - -3?
1
Suppose -13*s = -82536 - 109331. What is the thousands digit of s?
4
Let m(g) = -5*g - 37. Let r be m(-8). Suppose k = 4*f + r, 4*f + 6 = 2*k + 2*f. Suppose -k*h + 264 = -0*h. What is the units digit of h?
8
Let p(w) = 9*w**2 - 8*w - 15. Let l = -32 - -35. Suppose -d = -5*d + 5*x - 22, -l*d + 2*x = 13. What is the tens digit of p(d)?
9
Let c(d) = d**3 - 13*d**2 + d - 7. Let g be c(13). Suppose 137 = -g*v + 1775. What is the tens digit of v?
7
Suppose -6*w + 9 = -15. Suppose 0 = -3*y - w*v + 264, 2*y + y = v + 279. What is the tens digit of y?
9
Suppose -687*p + 686*p = 2*b - 58392, -5*p - b + 292005 = 0. What is the tens digit of p?
0
Let q(u) = -84*u**3 - 4*u**2 - 25*u - 4. What is the ten thousands digit of q(-6)?
1
Let x(u) = 2*u**3 + 28*u**2 + 17*u + 43. What is the units digit of x(15)?
8
Let i(n) = -9 - 6 - 12*n - 24 - 9*n - n**2. Let w be i(-19). What is the tens digit of (w - -3) + (-740)/(-4)?
8
Suppose 5*v - 10485 - 23373 = -3*y, 0 = v + 5*y - 6754. What is the thousands digit of v?
6
Let t = -20293 + 36685. What is the tens digit of (t/18)/2 - (-4)/6?
5
Let v = -25 + 45. Let h be 1*-3 + (6 - -4*v). Suppose -t = 2*n - h - 163, 0 = n - 3*t - 130. What is the tens digit of n?
2
Let n be 0 - 1*(-3 + 1 + 3). Let i be (-752)/(-10)*(n - -6). Suppose -19*t - i = -23*t. What is the tens digit of t?
9
Let o(i) = -550*i - 2045. What is the units digit of o(-39)?
5
Let c(i) = i**3 - 9*i**2 - 16*i + 6. Let z be c(10). Let b = 56 + z. Suppose 4*u - 19 = -t, -t - b*t + 6 = -5*u. What is the units digit of t?
7
Suppose 0 = -0*i + 2*i + 3*v - 9, -2*i + v = 3. Suppose -55*h + 49*h + 2460 = i. What is the tens digit of h?
1
Suppose 4*s - 200988 = -31888. What is the tens digit of s?
7
Let r = 189291 + -133966. What is the ten thousands digit of r?
5
What is the tens digit of (4/18 - (-2253864)/(-54))*(-2)/4?
6
Suppose -4*a + 54 = 38. Suppose a*u = -y + 4*y + 11, -y + 3*u - 12 = 0. Suppose -y*i + 172 = -i. What is the tens digit of i?
8
Let h(k) = k**3 + 11*k**2 + 20*k + 2. Let w be h(-8). Suppose -5328 = -w*c + 17622. What is the units digit of c?
5
Suppose -4*f - 4*k + 97 = k, -3*f + 4*k + 65 = 0. Suppose f*l - 4432 = 7*l. Suppose 67 = -5*u + l. What is the units digit of u?
2
Let y(w) = -12*w**3 - 15*w**2 + 16*w - 13. Let r(i) = -22*i**3 - 32*i**2 + 32*i - 27. Let g(b) = 3*r(b) - 7*y(b). What is the tens digit of g(4)?
4
Let b = 515 + -518. What is the hundreds digit of (5 + b)*-2 - -559?
5
Let x(h) = -12*h + 9. Suppose 4*j = 4*r, 1 = -j + 3. Suppose -5*v = -r*v + 15. What is the units digit of x(v)?
9
Let m(z) = z**2 - 5*z + 38. Let t be m(0). Let o = 116 - t. Let f = o + -65. What is the units digit of f?
3
Suppose -o - 3 = 2*o + 3*i, -5*o = -2*i - 16. Let x(m) = m**3 + 11*m - 12*m + o + 10*m**3 - m**2. What is the tens digit of x(1)?
1
Suppose 2*a - 8 = -2*a. Let x be a/(-5) - (-77)/5. What is the units digit of (-6)/x + 372/5?
4
Let p = 2924 - 2361. What is the units digit of p?
3
Let l = -3318 - -6201. What is the hundreds digit of l?
8
Let g = -197 - -245. Suppose -n = r - 108 - g, 3*n = 5*r - 780. What is the units digit of r?
6
Suppose -r - 170 = 5*x + 76, -r + 3*x = 222. Suppose -6*z + 2*z + 13 = h, -4*h + 4 = 4*z. What is the tens digit of -2*h/(-2) - r?
2
Suppose 4*h + 167*v = 163*v + 46616, h = 5*v + 11648. What is the hundreds digit of h?
6
What is the thousands digit of 4 + 20/4 - ((-1 - 83622) + -9)?
3
Suppose 2538 - 66663 = -5*m + 3*f, 5*m - 64150 = -2*f. What is the tens digit of m?
2
Let x(u) = u**2 - 18*u - 17. Let n be x(19). Suppose -3 = -n*p + 5. Suppose 0 = p*v + 2*g - 120, 2*v - 95 = -v + g. What is the tens digit of v?
3
Suppose 3*o = -2*o + 2*a + 238, -5*a = 4*o - 197. Let i = o + -44. Suppose y - 2*v = 19, -v + 57 = i*y - y. What is the units digit of y?
9
Suppose 3*m - 14 - 14 = l, 2*l + 47 = 5*m. What is the tens digit of m/(-6) + 39*(-30)/(-36)?
3
Suppose -85 = -3*c + 6*i - i, 3*i = -c + 5. Let d(r) = -r**3 + 19*r**2 + 35*r + 32. What is the hundreds digit of d(c)?
3
Suppose 10*x - 2193 = 5267. What is the hundreds digit of x/3 - ((-110)/15)/(-11)?
2
Let p be (-15 - 2954)/(2/(-2)). Let s = p - 1898. Suppose 5*c + m - 336 - 737 = 0, -5*c - 2*m + s = 0. What is the tens digit of c?
1
Let l(b) = -b**2 - 13*b + 22. Let w be l(-12). Suppose -w*v + 208 = -33*v. What is the tens digit of v?
0
Suppose -7*k - 15 = -10*k. Suppose -c = -q - 398, -k*c + 2*q + 375 = -1600. What is the tens digit of c?
9
Let p(w) = -105*w + 1018. What is the thousands digit of p(-91)?
0
Suppose -2*b + t + 190 = -t, 0 = 4*b - 5*t - 379. Let d = -95 + b. Let p(r) = 57*r**2 - 2*r + 1. What is the tens digit of p(d)?
5
Let f(r) = 1958*r - 709. What is the units digit of f(5)?
1
Let u = 789 + -789. Suppose u = -4*l - 4*h + 3584, 5*l - 5*h - 4408 - 42 = 0. What is the tens digit of l?
9
Let k be (-13 + -1)/((-16)/40). Let c = k - 32. Suppose -90 = -c*g + 3. What is the units digit of g?
1
Let r(d) = -6337*d - 2477. What is the units digit of r(-8)?
9
Let c = 23 - 30. Let b = 178 - c. What is the hundreds digit of b?
1
Let x = -17 + 22. Suppose o = -3, x*n = -o - 34 - 279. Let q = 118 + n. What is the units digit of q?
6
Let c = -20 - -54. Let w be c - (3 - 8/4). Suppose -2*q - w = -6*q - 5*n, -5*q - n + 57 = 0. What is the units digit of q?
2
Let h be 5*2/(-15) + (-50)/6. What is the units digit of (-825)/(-1) + 0/(h - -6)?
5
Let g = -18 - -27. Suppose -2*f = -5*j - 1878, -2*f = -5*f + j + 2791. Suppose 781 + f = g*m. What is the hundreds digit of m?
1
Let p be -3 - 11/((-33)/24). Suppose -p*o = 2*b - 4320, -o - 881 = -2*o + 3*b. What is the tens digit of o?
6
Let q be (-4)/10*240/(-12) + -3. What is the units digit of (73/q)/((-8)/(-200))?
5
Let w be ((10/(-2))/(-5))/(1 + 0). What is the units digit of (-39396)/(-48) - (w - 5/4)?
1
Let m(